{"id":12358,"date":"2020-05-29T19:38:16","date_gmt":"2020-05-29T19:38:16","guid":{"rendered":"https:\/\/photocello.com\/?page_id=12358"},"modified":"2022-05-28T13:25:51","modified_gmt":"2022-05-28T13:25:51","slug":"videoartistas","status":"publish","type":"page","link":"https:\/\/photocello.com\/?page_id=12358","title":{"rendered":"Artes esc\u00e9nicas"},"content":{"rendered":"\n<h2 class=\"wp-block-heading\">Videoartistas<\/h2>\n\n\n\n<p><strong>Bill Viola<\/strong>  Videoartista contempor\u00e1neo.<\/p>\n\n\n\n<h2 class=\"wp-block-heading\">Coreografos<\/h2>\n\n\n\n<p><strong>Matha Clarke<\/strong>  Directora de teatro y core\u00f3grafa multidisciplinar en teatro, danza y \u00f3pera<\/p>\n\n\n\n<p><\/p>\n\n\n\n<h2 class=\"wp-block-heading\">Pintoras<\/h2>\n\n\n\n<p>Lavinia Fontana<\/p>\n\n\n\n<p><\/p>\n\n\n\n<p><\/p>\n","protected":false},"excerpt":{"rendered":"<p>Videoartistas Bill Viola Videoartista contempor\u00e1neo. Coreografos Matha Clarke Directora de teatro y core\u00f3grafa multidisciplinar en teatro, danza y \u00f3pera Pintoras Lavinia Fontana<\/p>\n","protected":false},"author":2,"featured_media":0,"parent":0,"menu_order":0,"comment_status":"closed","ping_status":"closed","template":"","meta":{"_uag_custom_page_level_css":"","_monsterinsights_skip_tracking":false,"_monsterinsights_sitenote_active":false,"_monsterinsights_sitenote_note":"","_monsterinsights_sitenote_category":0,"_uf_show_specific_survey":0,"_uf_disable_surveys":false,"pgc_sgb_lightbox_settings":"","footnotes":""},"categories":[33],"tags":[],"class_list":["post-12358","page","type-page","status-publish","hentry","category-danza"],"uagb_featured_image_src":{"full":false,"thumbnail":false,"medium":false,"medium_large":false,"large":false,"1536x1536":false,"2048x2048":false,"ect-jetpack-portfolio-featured":false,"ect-featured-content":false,"ect-service":false,"jetpack-portfolio-admin-thumb":false,"featured-content-admin-thumb":false,"service-admin-thumb":false},"uagb_author_info":{"display_name":"hysomaz","author_link":"https:\/\/photocello.com\/?author=2"},"uagb_comment_info":0,"uagb_excerpt":"Videoartistas Bill Viola Videoartista contempor\u00e1neo. Coreografos Matha Clarke Directora de teatro y core\u00f3grafa multidisciplinar en teatro, danza y \u00f3pera Pintoras Lavinia Fontana","_links":{"self":[{"href":"https:\/\/photocello.com\/index.php?rest_route=\/wp\/v2\/pages\/12358"}],"collection":[{"href":"https:\/\/photocello.com\/index.php?rest_route=\/wp\/v2\/pages"}],"about":[{"href":"https:\/\/photocello.com\/index.php?rest_route=\/wp\/v2\/types\/page"}],"author":[{"embeddable":true,"href":"https:\/\/photocello.com\/index.php?rest_route=\/wp\/v2\/users\/2"}],"replies":[{"embeddable":true,"href":"https:\/\/photocello.com\/index.php?rest_route=%2Fwp%2Fv2%2Fcomments&post=12358"}],"version-history":[{"count":1,"href":"https:\/\/photocello.com\/index.php?rest_route=\/wp\/v2\/pages\/12358\/revisions"}],"predecessor-version":[{"id":13249,"href":"https:\/\/photocello.com\/index.php?rest_route=\/wp\/v2\/pages\/12358\/revisions\/13249"}],"wp:attachment":[{"href":"https:\/\/photocello.com\/index.php?rest_route=%2Fwp%2Fv2%2Fmedia&parent=12358"}],"wp:term":[{"taxonomy":"category","embeddable":true,"href":"https:\/\/photocello.com\/index.php?rest_route=%2Fwp%2Fv2%2Fcategories&post=12358"},{"taxonomy":"post_tag","embeddable":true,"href":"https:\/\/photocello.com\/index.php?rest_route=%2Fwp%2Fv2%2Ftags&post=12358"}],"curies":[{"name":"wp","href":"https:\/\/api.w.org\/{rel}","templated":true}]}}