{"id":13083,"date":"2022-03-02T22:26:41","date_gmt":"2022-03-02T22:26:41","guid":{"rendered":"https:\/\/photocello.com\/?page_id=13083"},"modified":"2022-09-25T07:56:50","modified_gmt":"2022-09-25T07:56:50","slug":"yva-else-ernestine","status":"publish","type":"page","link":"https:\/\/photocello.com\/?page_id=13083","title":{"rendered":"Yva (Else Ernestine)"},"content":{"rendered":"\n<div style=\\\"height:64px;\\\" aria-hidden=\\\"true\\\" class=\\\"wp-block-spacer\\\"><\/div>\n\n\n\n<div class=\"wp-block-media-text alignwide is-stacked-on-mobile\"><figure class=\"wp-block-media-text__media\"><img loading=\"lazy\" decoding=\"async\" width=\"739\" height=\"1024\" src=\"https:\/\/photocello.com\/wp-content\/uploads\/2022\/09\/yva_else_ernestine_neulacc88nder-simon_retrato_2.jpg-739x1024.webp\" alt=\"\" class=\"wp-image-13672 size-full\" srcset=\"https:\/\/photocello.com\/wp-content\/uploads\/2022\/09\/yva_else_ernestine_neulacc88nder-simon_retrato_2.jpg-739x1024.webp 739w, https:\/\/photocello.com\/wp-content\/uploads\/2022\/09\/yva_else_ernestine_neulacc88nder-simon_retrato_2.jpg-217x300.webp 217w, https:\/\/photocello.com\/wp-content\/uploads\/2022\/09\/yva_else_ernestine_neulacc88nder-simon_retrato_2.jpg-768x1064.webp 768w, https:\/\/photocello.com\/wp-content\/uploads\/2022\/09\/yva_else_ernestine_neulacc88nder-simon_retrato_2.jpg-1109x1536.webp 1109w, https:\/\/photocello.com\/wp-content\/uploads\/2022\/09\/yva_else_ernestine_neulacc88nder-simon_retrato_2.jpg-1479x2048.webp 1479w, https:\/\/photocello.com\/wp-content\/uploads\/2022\/09\/yva_else_ernestine_neulacc88nder-simon_retrato_2.jpg.webp 1805w\" sizes=\"(max-width: 739px) 100vw, 739px\" \/><\/figure><div class=\"wp-block-media-text__content\">\n<p>Inicios de la moda moderna<\/p>\n\n\n\n<h2 class=\"wp-block-heading\">Yva (Else Ernestine)<\/h2>\n\n\n\n<p>Berlin 1900-1944<\/p>\n\n\n\n<p>Fotografa dedicada a la moda, estilo modernista y combin\u00f3 las expresiones art\u00edsticas&nbsp;<a href=\"\\&quot;https:\/\/oscarenfotos.com\/2017\/07\/01\/fotografia-y-surrealismo-informe-especial\/\\&quot;\">surrealistas<\/a> con una revoluci\u00f3n sexual que exaltaba la figura y sensualidad femenina experimental e innovadora, empleaba una iluminaci\u00f3n teatral y refinada<\/p>\n\n\n\n<p>Lleg\u00f3 a disparar hasta siete veces con el mismo negativo<\/p>\n\n\n\n<p>\u00a0Tuvo que abandonar la fotograf\u00eda obligada por los nazis, acabando muerta en un campo de concentraci\u00f3n.<\/p>\n<\/div><\/div>\n\n\n\n<figure class=\"wp-block-gallery has-nested-images columns-default is-cropped wp-block-gallery-1 is-layout-flex wp-block-gallery-is-layout-flex\">\n<figure class=\"wp-block-image size-large\"><img loading=\"lazy\" decoding=\"async\" width=\"729\" height=\"1024\" data-id=\"13674\" src=\"https:\/\/photocello.com\/wp-content\/uploads\/2022\/09\/yva_else_ernestine_neulacc88nder-simon_5.jpg-729x1024.webp\" alt=\"\" class=\"wp-image-13674\" srcset=\"https:\/\/photocello.com\/wp-content\/uploads\/2022\/09\/yva_else_ernestine_neulacc88nder-simon_5.jpg-729x1024.webp 729w, https:\/\/photocello.com\/wp-content\/uploads\/2022\/09\/yva_else_ernestine_neulacc88nder-simon_5.jpg-214x300.webp 214w, https:\/\/photocello.com\/wp-content\/uploads\/2022\/09\/yva_else_ernestine_neulacc88nder-simon_5.jpg-768x1078.webp 768w, https:\/\/photocello.com\/wp-content\/uploads\/2022\/09\/yva_else_ernestine_neulacc88nder-simon_5.jpg.webp 780w\" sizes=\"(max-width: 729px) 100vw, 729px\" \/><\/figure>\n\n\n\n<figure class=\"wp-block-image size-large\"><img loading=\"lazy\" decoding=\"async\" width=\"376\" height=\"510\" data-id=\"13677\" src=\"https:\/\/photocello.com\/wp-content\/uploads\/2022\/09\/yva_else_ernestine_neulacc88nder-simon_6.jpg.webp\" alt=\"\" class=\"wp-image-13677\" srcset=\"https:\/\/photocello.com\/wp-content\/uploads\/2022\/09\/yva_else_ernestine_neulacc88nder-simon_6.jpg.webp 376w, https:\/\/photocello.com\/wp-content\/uploads\/2022\/09\/yva_else_ernestine_neulacc88nder-simon_6.jpg-221x300.webp 221w\" sizes=\"(max-width: 376px) 100vw, 376px\" \/><\/figure>\n\n\n\n<figure class=\"wp-block-image size-large\"><img loading=\"lazy\" decoding=\"async\" width=\"491\" height=\"700\" data-id=\"13673\" src=\"https:\/\/photocello.com\/wp-content\/uploads\/2022\/09\/yva_else_ernestine_neulacc88nder-simon_9.jpg.webp\" alt=\"\" class=\"wp-image-13673\" srcset=\"https:\/\/photocello.com\/wp-content\/uploads\/2022\/09\/yva_else_ernestine_neulacc88nder-simon_9.jpg.webp 491w, https:\/\/photocello.com\/wp-content\/uploads\/2022\/09\/yva_else_ernestine_neulacc88nder-simon_9.jpg-210x300.webp 210w\" sizes=\"(max-width: 491px) 100vw, 491px\" \/><\/figure>\n\n\n\n<figure class=\"wp-block-image size-large\"><img loading=\"lazy\" decoding=\"async\" width=\"491\" height=\"737\" data-id=\"13675\" src=\"https:\/\/photocello.com\/wp-content\/uploads\/2022\/09\/yva_else_ernestine_neulacc88nder-simon_37.jpg.webp\" alt=\"\" class=\"wp-image-13675\" srcset=\"https:\/\/photocello.com\/wp-content\/uploads\/2022\/09\/yva_else_ernestine_neulacc88nder-simon_37.jpg.webp 491w, https:\/\/photocello.com\/wp-content\/uploads\/2022\/09\/yva_else_ernestine_neulacc88nder-simon_37.jpg-200x300.webp 200w\" sizes=\"(max-width: 491px) 100vw, 491px\" \/><\/figure>\n\n\n\n<figure class=\"wp-block-image size-large\"><img loading=\"lazy\" decoding=\"async\" width=\"297\" height=\"400\" data-id=\"13678\" src=\"https:\/\/photocello.com\/wp-content\/uploads\/2022\/09\/yva_else_ernestine_neulacc88nder-simon_31.jpg.webp\" alt=\"\" class=\"wp-image-13678\" srcset=\"https:\/\/photocello.com\/wp-content\/uploads\/2022\/09\/yva_else_ernestine_neulacc88nder-simon_31.jpg.webp 297w, https:\/\/photocello.com\/wp-content\/uploads\/2022\/09\/yva_else_ernestine_neulacc88nder-simon_31.jpg-223x300.webp 223w\" sizes=\"(max-width: 297px) 100vw, 297px\" \/><\/figure>\n<\/figure>\n","protected":false},"excerpt":{"rendered":"<p>Inicios de la moda moderna Yva (Else Ernestine) Berlin 1900-1944 Fotografa dedicada a la moda, estilo modernista y combin\u00f3 las expresiones art\u00edsticas&nbsp;surrealistas con una revoluci\u00f3n sexual que exaltaba la figura y sensualidad femenina experimental e innovadora, empleaba una iluminaci\u00f3n teatral y refinada Lleg\u00f3 a disparar hasta siete veces con el mismo negativo \u00a0Tuvo que abandonar [&hellip;]<\/p>\n","protected":false},"author":2,"featured_media":0,"parent":0,"menu_order":0,"comment_status":"closed","ping_status":"closed","template":"","meta":{"_uag_custom_page_level_css":"","_monsterinsights_skip_tracking":false,"_monsterinsights_sitenote_active":false,"_monsterinsights_sitenote_note":"","_monsterinsights_sitenote_category":0,"_uf_show_specific_survey":0,"_uf_disable_surveys":false,"pgc_sgb_lightbox_settings":"","footnotes":""},"categories":[27],"tags":[],"class_list":["post-13083","page","type-page","status-publish","hentry","category-fotografos"],"uagb_featured_image_src":{"full":false,"thumbnail":false,"medium":false,"medium_large":false,"large":false,"1536x1536":false,"2048x2048":false,"ect-jetpack-portfolio-featured":false,"ect-featured-content":false,"ect-service":false,"jetpack-portfolio-admin-thumb":false,"featured-content-admin-thumb":false,"service-admin-thumb":false},"uagb_author_info":{"display_name":"hysomaz","author_link":"https:\/\/photocello.com\/?author=2"},"uagb_comment_info":0,"uagb_excerpt":"Inicios de la moda moderna Yva (Else Ernestine) Berlin 1900-1944 Fotografa dedicada a la moda, estilo modernista y combin\u00f3 las expresiones art\u00edsticas&nbsp;surrealistas con una revoluci\u00f3n sexual que exaltaba la figura y sensualidad femenina experimental e innovadora, empleaba una iluminaci\u00f3n teatral y refinada Lleg\u00f3 a disparar hasta siete veces con el mismo negativo \u00a0Tuvo que abandonar&hellip;","_links":{"self":[{"href":"https:\/\/photocello.com\/index.php?rest_route=\/wp\/v2\/pages\/13083"}],"collection":[{"href":"https:\/\/photocello.com\/index.php?rest_route=\/wp\/v2\/pages"}],"about":[{"href":"https:\/\/photocello.com\/index.php?rest_route=\/wp\/v2\/types\/page"}],"author":[{"embeddable":true,"href":"https:\/\/photocello.com\/index.php?rest_route=\/wp\/v2\/users\/2"}],"replies":[{"embeddable":true,"href":"https:\/\/photocello.com\/index.php?rest_route=%2Fwp%2Fv2%2Fcomments&post=13083"}],"version-history":[{"count":4,"href":"https:\/\/photocello.com\/index.php?rest_route=\/wp\/v2\/pages\/13083\/revisions"}],"predecessor-version":[{"id":13681,"href":"https:\/\/photocello.com\/index.php?rest_route=\/wp\/v2\/pages\/13083\/revisions\/13681"}],"wp:attachment":[{"href":"https:\/\/photocello.com\/index.php?rest_route=%2Fwp%2Fv2%2Fmedia&parent=13083"}],"wp:term":[{"taxonomy":"category","embeddable":true,"href":"https:\/\/photocello.com\/index.php?rest_route=%2Fwp%2Fv2%2Fcategories&post=13083"},{"taxonomy":"post_tag","embeddable":true,"href":"https:\/\/photocello.com\/index.php?rest_route=%2Fwp%2Fv2%2Ftags&post=13083"}],"curies":[{"name":"wp","href":"https:\/\/api.w.org\/{rel}","templated":true}]}}