{"id":13862,"date":"2022-12-13T21:25:19","date_gmt":"2022-12-13T21:25:19","guid":{"rendered":"https:\/\/photocello.com\/?page_id=13862"},"modified":"2024-09-09T14:08:18","modified_gmt":"2024-09-09T14:08:18","slug":"william-klein","status":"publish","type":"page","link":"https:\/\/photocello.com\/?page_id=13862","title":{"rendered":"William Klein"},"content":{"rendered":"\n<div class=\"wp-block-media-text alignwide is-stacked-on-mobile\"><figure class=\"wp-block-media-text__media\"><img loading=\"lazy\" decoding=\"async\" width=\"290\" height=\"395\" src=\"https:\/\/photocello.com\/wp-content\/uploads\/2022\/12\/william_klein_retrato_10.jpg.webp\" alt=\"\" class=\"wp-image-13865 size-full\" srcset=\"https:\/\/photocello.com\/wp-content\/uploads\/2022\/12\/william_klein_retrato_10.jpg.webp 290w, https:\/\/photocello.com\/wp-content\/uploads\/2022\/12\/william_klein_retrato_10.jpg-220x300.webp 220w\" sizes=\"(max-width: 290px) 100vw, 290px\" \/><\/figure><div class=\"wp-block-media-text__content\">\n<h6 class=\"wp-block-heading\">Trascendesor del arte<\/h6>\n\n\n\n<h2 class=\"wp-block-heading\">William Klein<\/h2>\n\n\n\n<p>Nueva York 1928<\/p>\n\n\n\n<p>Pintor, escultor y fotografo, fue Liberman de la revista Vogue que le convencio para que dejara Paris y fueraq a Nueva York a hacer fotos de moda para la revista.<\/p>\n\n\n\n<p>Lo que entrego fuer un desastre (todos sin foco), asi que le dieron un ultimatum.<\/p>\n\n\n\n<p>Vino con una serie de fotos de moda que como novedad era en plena calle, rompio moldes y creo escuela.<\/p>\n\n\n\n<p>Y recuerda: \u201cA veces disparaba sin apuntar, s\u00f3lo para ver qu\u00e9 pasaba, Emple\u00e9 una t\u00e9cnica carente de tab\u00faes: im\u00e1genes borrosas, muy contrastadas, encuadres torcidos, accidentes, cualquier cosa<\/p>\n\n\n\n<p>Publico en Paris lo que no quisieron en Usa el libro New York y fue un exito rotundo, luego haria lo mismo con Tokio, Mosc\u00fa y Roma.<\/p>\n\n\n\n<p><\/p>\n\n\n\n<p><\/p>\n<\/div><\/div>\n\n\n<div class=\"pgc-sgb-cb wp-block-pgcsimplygalleryblock-masonry \" data-gallery-id=\"7ce86738\"><div class=\"sgb-preloader\" id=\"pr_7ce86738\">\n\t<div class=\"sgb-square\" style=\"background:#d4d4d4\"><\/div>\n\t<div class=\"sgb-square\" style=\"background:#d4d4d4\"><\/div>\n\t<div class=\"sgb-square\" style=\"background:#d4d4d4\"><\/div>\n\t<div class=\"sgb-square\" style=\"background:#d4d4d4\"><\/div><\/div><div class=\"simply-gallery-amp pgc_sgb_slider \" style=\"display: none;\"><div class=\"sgb-gallery\"><div class=\"sgb-item\"><a href=\"https:\/\/photocello.com\/?attachment_id=13867\" target=\"_blank\"><img decoding=\"async\" alt=\"\" width=\"216\" height=\"300\" loading=\"lazy\" src=\"http:\/\/photocello.com\/wp-content\/uploads\/2022\/12\/william_klein_cigarrete_1-216x300.jpeg\" srcset=\"http:\/\/photocello.com\/wp-content\/uploads\/2022\/12\/william_klein_cigarrete_1-216x300.jpeg 216w,http:\/\/photocello.com\/wp-content\/uploads\/2022\/12\/william_klein_cigarrete_1-737x1024.jpeg 737w,http:\/\/photocello.com\/wp-content\/uploads\/2022\/12\/william_klein_cigarrete_1.jpeg 948w\" sizes=\"250px\"\/><\/a><\/div><div class=\"sgb-item\"><a href=\"https:\/\/photocello.com\/?attachment_id=13868\" target=\"_blank\"><img decoding=\"async\" alt=\"\" width=\"300\" height=\"197\" loading=\"lazy\" src=\"http:\/\/photocello.com\/wp-content\/uploads\/2022\/12\/william_klein_ny_1954-55_20-300x197.jpeg\" srcset=\"http:\/\/photocello.com\/wp-content\/uploads\/2022\/12\/william_klein_ny_1954-55_20-300x197.jpeg 300w,http:\/\/photocello.com\/wp-content\/uploads\/2022\/12\/william_klein_ny_1954-55_20.jpeg 480w\" sizes=\"250px\"\/><\/a><\/div><div class=\"sgb-item\"><a href=\"https:\/\/photocello.com\/?attachment_id=13869\" target=\"_blank\"><img decoding=\"async\" alt=\"\" width=\"237\" height=\"300\" loading=\"lazy\" src=\"http:\/\/photocello.com\/wp-content\/uploads\/2022\/12\/william-klein-paris-fr-1960-237x300.png\" srcset=\"http:\/\/photocello.com\/wp-content\/uploads\/2022\/12\/william-klein-paris-fr-1960-237x300.png 237w,http:\/\/photocello.com\/wp-content\/uploads\/2022\/12\/william-klein-paris-fr-1960-807x1024.png 807w,http:\/\/photocello.com\/wp-content\/uploads\/2022\/12\/william-klein-paris-fr-1960.png 820w\" sizes=\"250px\"\/><\/a><\/div><div class=\"sgb-item\"><a href=\"https:\/\/photocello.com\/?attachment_id=13870\" target=\"_blank\"><img decoding=\"async\" alt=\"\" width=\"228\" height=\"300\" loading=\"lazy\" src=\"http:\/\/photocello.com\/wp-content\/uploads\/2022\/12\/william-klein-simone-nina-piazza-di-spagna-rome-1961-228x300.jpeg\" srcset=\"http:\/\/photocello.com\/wp-content\/uploads\/2022\/12\/william-klein-simone-nina-piazza-di-spagna-rome-1961-228x300.jpeg 228w,http:\/\/photocello.com\/wp-content\/uploads\/2022\/12\/william-klein-simone-nina-piazza-di-spagna-rome-1961-778x1024.jpeg 778w,http:\/\/photocello.com\/wp-content\/uploads\/2022\/12\/william-klein-simone-nina-piazza-di-spagna-rome-1961.jpeg 805w\" sizes=\"250px\"\/><\/a><\/div><div class=\"sgb-item\"><a href=\"https:\/\/photocello.com\/?attachment_id=13871\" target=\"_blank\"><img decoding=\"async\" alt=\"\" width=\"300\" height=\"209\" loading=\"lazy\" src=\"http:\/\/photocello.com\/wp-content\/uploads\/2022\/12\/william22moves-pepsi22-harlem-new-york-1954-55-300x209.jpeg\" srcset=\"http:\/\/photocello.com\/wp-content\/uploads\/2022\/12\/william22moves-pepsi22-harlem-new-york-1954-55-300x209.jpeg 300w,http:\/\/photocello.com\/wp-content\/uploads\/2022\/12\/william22moves-pepsi22-harlem-new-york-1954-55.jpeg 786w\" sizes=\"250px\"\/><\/a><\/div><div class=\"sgb-item\"><a href=\"https:\/\/photocello.com\/?attachment_id=13872\" target=\"_blank\"><img decoding=\"async\" alt=\"\" width=\"217\" height=\"300\" loading=\"lazy\" src=\"http:\/\/photocello.com\/wp-content\/uploads\/2022\/12\/williamanne-st-marie-and-isabella-in-dresses-by-h-charles-photo-by-william-klein-new-york-city-1959-1.jpg-217x300.webp\" srcset=\"http:\/\/photocello.com\/wp-content\/uploads\/2022\/12\/williamanne-st-marie-and-isabella-in-dresses-by-h-charles-photo-by-william-klein-new-york-city-1959-1.jpg-217x300.webp 217w,http:\/\/photocello.com\/wp-content\/uploads\/2022\/12\/williamanne-st-marie-and-isabella-in-dresses-by-h-charles-photo-by-william-klein-new-york-city-1959-1.jpg-740x1024.webp 740w,http:\/\/photocello.com\/wp-content\/uploads\/2022\/12\/williamanne-st-marie-and-isabella-in-dresses-by-h-charles-photo-by-william-klein-new-york-city-1959-1.jpg.webp 751w\" sizes=\"250px\"\/><\/a><\/div><div class=\"sgb-item\"><a href=\"https:\/\/photocello.com\/?attachment_id=13873\" target=\"_blank\"><img decoding=\"async\" alt=\"\" width=\"213\" height=\"300\" loading=\"lazy\" src=\"http:\/\/photocello.com\/wp-content\/uploads\/2022\/12\/williambrooklin_william_klein_boy_with_pistol_gun_pistola-213x300.jpeg\" srcset=\"http:\/\/photocello.com\/wp-content\/uploads\/2022\/12\/williambrooklin_william_klein_boy_with_pistol_gun_pistola-213x300.jpeg 213w,http:\/\/photocello.com\/wp-content\/uploads\/2022\/12\/williambrooklin_william_klein_boy_with_pistol_gun_pistola-727x1024.jpeg 727w,http:\/\/photocello.com\/wp-content\/uploads\/2022\/12\/williambrooklin_william_klein_boy_with_pistol_gun_pistola.jpeg 1256w\" sizes=\"250px\"\/><\/a><\/div><div class=\"sgb-item\"><a href=\"https:\/\/photocello.com\/?attachment_id=13874\" target=\"_blank\"><img decoding=\"async\" alt=\"\" width=\"300\" height=\"200\" loading=\"lazy\" src=\"http:\/\/photocello.com\/wp-content\/uploads\/2022\/12\/williamclub-allegro-fortissimo-paris-1990-c2a9-william-klein-300x200.jpeg\" srcset=\"http:\/\/photocello.com\/wp-content\/uploads\/2022\/12\/williamclub-allegro-fortissimo-paris-1990-c2a9-william-klein-300x200.jpeg 300w,http:\/\/photocello.com\/wp-content\/uploads\/2022\/12\/williamclub-allegro-fortissimo-paris-1990-c2a9-william-klein.jpeg 1024w\" sizes=\"250px\"\/><\/a><\/div><div class=\"sgb-item\"><a href=\"https:\/\/photocello.com\/?attachment_id=13875\" target=\"_blank\"><img decoding=\"async\" alt=\"\" width=\"209\" height=\"300\" loading=\"lazy\" src=\"http:\/\/photocello.com\/wp-content\/uploads\/2022\/12\/williamfashion_anne-st-marie-photo-by-william-klein-new-york-city-1962b-209x300.jpeg\" srcset=\"http:\/\/photocello.com\/wp-content\/uploads\/2022\/12\/williamfashion_anne-st-marie-photo-by-william-klein-new-york-city-1962b-209x300.jpeg 209w,http:\/\/photocello.com\/wp-content\/uploads\/2022\/12\/williamfashion_anne-st-marie-photo-by-william-klein-new-york-city-1962b.jpeg 656w\" sizes=\"250px\"\/><\/a><\/div><div class=\"sgb-item\"><a href=\"https:\/\/photocello.com\/?attachment_id=13876\" target=\"_blank\"><img decoding=\"async\" alt=\"\" width=\"224\" height=\"300\" loading=\"lazy\" src=\"http:\/\/photocello.com\/wp-content\/uploads\/2022\/12\/williamnew-york-1954-224x300.jpeg\" srcset=\"http:\/\/photocello.com\/wp-content\/uploads\/2022\/12\/williamnew-york-1954-224x300.jpeg 224w,http:\/\/photocello.com\/wp-content\/uploads\/2022\/12\/williamnew-york-1954.jpeg 450w\" sizes=\"250px\"\/><\/a><\/div><\/div><\/div><script type=\"application\/json\" class=\"sgb-data\">{\"galleryType\":\"pgc_sgb_masonry\",\"galleryId\":\"7ce86738\",\"images\":[{\"id\":13867,\"title\":\"william_klein_cigarrete_1\",\"url\":\"http:\/\/photocello.com\/wp-content\/uploads\/2022\/12\/william_klein_cigarrete_1.jpeg\",\"link\":\"https:\/\/photocello.com\/?attachment_id=13867\",\"alt\":\"\",\"description\":\"\",\"caption\":\"\",\"mime\":\"image\/jpeg\",\"type\":\"image\",\"width\":948,\"height\":1318,\"sizes\":{\"thumbnail\":{\"height\":150,\"width\":150,\"url\":\"http:\/\/photocello.com\/wp-content\/uploads\/2022\/12\/william_klein_cigarrete_1-150x150.jpeg\",\"orientation\":\"landscape\"},\"medium\":{\"height\":300,\"width\":216,\"url\":\"http:\/\/photocello.com\/wp-content\/uploads\/2022\/12\/william_klein_cigarrete_1-216x300.jpeg\",\"orientation\":\"portrait\"},\"large\":{\"height\":1024,\"width\":737,\"url\":\"http:\/\/photocello.com\/wp-content\/uploads\/2022\/12\/william_klein_cigarrete_1-737x1024.jpeg\",\"orientation\":\"portrait\"},\"full\":{\"url\":\"http:\/\/photocello.com\/wp-content\/uploads\/2022\/12\/william_klein_cigarrete_1.jpeg\",\"height\":1318,\"width\":948,\"orientation\":\"portrait\"}},\"meta\":false,\"postlink\":\"https:\/\/photocello.com\/?attachment_id=13867\"},{\"id\":13868,\"title\":\"william_klein_ny_1954-55_20\",\"url\":\"http:\/\/photocello.com\/wp-content\/uploads\/2022\/12\/william_klein_ny_1954-55_20.jpeg\",\"link\":\"https:\/\/photocello.com\/?attachment_id=13868\",\"alt\":\"\",\"description\":\"\",\"caption\":\"\",\"mime\":\"image\/jpeg\",\"type\":\"image\",\"width\":480,\"height\":315,\"sizes\":{\"thumbnail\":{\"height\":150,\"width\":150,\"url\":\"http:\/\/photocello.com\/wp-content\/uploads\/2022\/12\/william_klein_ny_1954-55_20-150x150.jpeg\",\"orientation\":\"landscape\"},\"medium\":{\"height\":197,\"width\":300,\"url\":\"http:\/\/photocello.com\/wp-content\/uploads\/2022\/12\/william_klein_ny_1954-55_20-300x197.jpeg\",\"orientation\":\"landscape\"},\"full\":{\"url\":\"http:\/\/photocello.com\/wp-content\/uploads\/2022\/12\/william_klein_ny_1954-55_20.jpeg\",\"height\":315,\"width\":480,\"orientation\":\"landscape\"}},\"meta\":false,\"postlink\":\"https:\/\/photocello.com\/?attachment_id=13868\"},{\"id\":13869,\"title\":\"william-klein-paris-fr-1960\",\"url\":\"http:\/\/photocello.com\/wp-content\/uploads\/2022\/12\/william-klein-paris-fr-1960.png\",\"link\":\"https:\/\/photocello.com\/?attachment_id=13869\",\"alt\":\"\",\"description\":\"\",\"caption\":\"\",\"mime\":\"image\/png\",\"type\":\"image\",\"width\":820,\"height\":1040,\"sizes\":{\"thumbnail\":{\"height\":150,\"width\":150,\"url\":\"http:\/\/photocello.com\/wp-content\/uploads\/2022\/12\/william-klein-paris-fr-1960-150x150.png\",\"orientation\":\"landscape\"},\"medium\":{\"height\":300,\"width\":237,\"url\":\"http:\/\/photocello.com\/wp-content\/uploads\/2022\/12\/william-klein-paris-fr-1960-237x300.png\",\"orientation\":\"portrait\"},\"large\":{\"height\":1024,\"width\":807,\"url\":\"http:\/\/photocello.com\/wp-content\/uploads\/2022\/12\/william-klein-paris-fr-1960-807x1024.png\",\"orientation\":\"portrait\"},\"full\":{\"url\":\"http:\/\/photocello.com\/wp-content\/uploads\/2022\/12\/william-klein-paris-fr-1960.png\",\"height\":1040,\"width\":820,\"orientation\":\"portrait\"}},\"meta\":false,\"postlink\":\"https:\/\/photocello.com\/?attachment_id=13869\"},{\"id\":13870,\"title\":\"william-klein-simone-nina-piazza-di-spagna-rome-1961\",\"url\":\"http:\/\/photocello.com\/wp-content\/uploads\/2022\/12\/william-klein-simone-nina-piazza-di-spagna-rome-1961.jpeg\",\"link\":\"https:\/\/photocello.com\/?attachment_id=13870\",\"alt\":\"\",\"description\":\"\",\"caption\":\"\",\"mime\":\"image\/jpeg\",\"type\":\"image\",\"width\":805,\"height\":1060,\"sizes\":{\"thumbnail\":{\"height\":150,\"width\":150,\"url\":\"http:\/\/photocello.com\/wp-content\/uploads\/2022\/12\/william-klein-simone-nina-piazza-di-spagna-rome-1961-150x150.jpeg\",\"orientation\":\"landscape\"},\"medium\":{\"height\":300,\"width\":228,\"url\":\"http:\/\/photocello.com\/wp-content\/uploads\/2022\/12\/william-klein-simone-nina-piazza-di-spagna-rome-1961-228x300.jpeg\",\"orientation\":\"portrait\"},\"large\":{\"height\":1024,\"width\":778,\"url\":\"http:\/\/photocello.com\/wp-content\/uploads\/2022\/12\/william-klein-simone-nina-piazza-di-spagna-rome-1961-778x1024.jpeg\",\"orientation\":\"portrait\"},\"full\":{\"url\":\"http:\/\/photocello.com\/wp-content\/uploads\/2022\/12\/william-klein-simone-nina-piazza-di-spagna-rome-1961.jpeg\",\"height\":1060,\"width\":805,\"orientation\":\"portrait\"}},\"meta\":false,\"postlink\":\"https:\/\/photocello.com\/?attachment_id=13870\"},{\"id\":13871,\"title\":\"william22moves-pepsi22-harlem-new-york-1954-55\",\"url\":\"http:\/\/photocello.com\/wp-content\/uploads\/2022\/12\/william22moves-pepsi22-harlem-new-york-1954-55.jpeg\",\"link\":\"https:\/\/photocello.com\/?attachment_id=13871\",\"alt\":\"\",\"description\":\"\",\"caption\":\"\",\"mime\":\"image\/jpeg\",\"type\":\"image\",\"width\":786,\"height\":548,\"sizes\":{\"thumbnail\":{\"height\":150,\"width\":150,\"url\":\"http:\/\/photocello.com\/wp-content\/uploads\/2022\/12\/william22moves-pepsi22-harlem-new-york-1954-55-150x150.jpeg\",\"orientation\":\"landscape\"},\"medium\":{\"height\":209,\"width\":300,\"url\":\"http:\/\/photocello.com\/wp-content\/uploads\/2022\/12\/william22moves-pepsi22-harlem-new-york-1954-55-300x209.jpeg\",\"orientation\":\"landscape\"},\"full\":{\"url\":\"http:\/\/photocello.com\/wp-content\/uploads\/2022\/12\/william22moves-pepsi22-harlem-new-york-1954-55.jpeg\",\"height\":548,\"width\":786,\"orientation\":\"landscape\"}},\"meta\":false,\"postlink\":\"https:\/\/photocello.com\/?attachment_id=13871\"},{\"id\":13872,\"title\":\"williamanne-st-marie-and-isabella-in-dresses-by-h-charles-photo-by-william-klein-new-york-city-1959-1.jpg\",\"url\":\"http:\/\/photocello.com\/wp-content\/uploads\/2022\/12\/williamanne-st-marie-and-isabella-in-dresses-by-h-charles-photo-by-william-klein-new-york-city-1959-1.jpg.webp\",\"link\":\"https:\/\/photocello.com\/?attachment_id=13872\",\"alt\":\"\",\"description\":\"\",\"caption\":\"\",\"mime\":\"image\/webp\",\"type\":\"image\",\"width\":751,\"height\":1039,\"sizes\":{\"thumbnail\":{\"height\":150,\"width\":150,\"url\":\"http:\/\/photocello.com\/wp-content\/uploads\/2022\/12\/williamanne-st-marie-and-isabella-in-dresses-by-h-charles-photo-by-william-klein-new-york-city-1959-1.jpg-150x150.webp\",\"orientation\":\"landscape\"},\"medium\":{\"height\":300,\"width\":217,\"url\":\"http:\/\/photocello.com\/wp-content\/uploads\/2022\/12\/williamanne-st-marie-and-isabella-in-dresses-by-h-charles-photo-by-william-klein-new-york-city-1959-1.jpg-217x300.webp\",\"orientation\":\"portrait\"},\"large\":{\"height\":1024,\"width\":740,\"url\":\"http:\/\/photocello.com\/wp-content\/uploads\/2022\/12\/williamanne-st-marie-and-isabella-in-dresses-by-h-charles-photo-by-william-klein-new-york-city-1959-1.jpg-740x1024.webp\",\"orientation\":\"portrait\"},\"full\":{\"url\":\"http:\/\/photocello.com\/wp-content\/uploads\/2022\/12\/williamanne-st-marie-and-isabella-in-dresses-by-h-charles-photo-by-william-klein-new-york-city-1959-1.jpg.webp\",\"height\":1039,\"width\":751,\"orientation\":\"portrait\"}},\"meta\":false,\"postlink\":\"https:\/\/photocello.com\/?attachment_id=13872\"},{\"id\":13873,\"title\":\"williambrooklin_william_klein_boy_with_pistol_gun_pistola\",\"url\":\"http:\/\/photocello.com\/wp-content\/uploads\/2022\/12\/williambrooklin_william_klein_boy_with_pistol_gun_pistola.jpeg\",\"link\":\"https:\/\/photocello.com\/?attachment_id=13873\",\"alt\":\"\",\"description\":\"\",\"caption\":\"\",\"mime\":\"image\/jpeg\",\"type\":\"image\",\"width\":1256,\"height\":1770,\"sizes\":{\"thumbnail\":{\"height\":150,\"width\":150,\"url\":\"http:\/\/photocello.com\/wp-content\/uploads\/2022\/12\/williambrooklin_william_klein_boy_with_pistol_gun_pistola-150x150.jpeg\",\"orientation\":\"landscape\"},\"medium\":{\"height\":300,\"width\":213,\"url\":\"http:\/\/photocello.com\/wp-content\/uploads\/2022\/12\/williambrooklin_william_klein_boy_with_pistol_gun_pistola-213x300.jpeg\",\"orientation\":\"portrait\"},\"large\":{\"height\":1024,\"width\":727,\"url\":\"http:\/\/photocello.com\/wp-content\/uploads\/2022\/12\/williambrooklin_william_klein_boy_with_pistol_gun_pistola-727x1024.jpeg\",\"orientation\":\"portrait\"},\"full\":{\"url\":\"http:\/\/photocello.com\/wp-content\/uploads\/2022\/12\/williambrooklin_william_klein_boy_with_pistol_gun_pistola.jpeg\",\"height\":1770,\"width\":1256,\"orientation\":\"portrait\"}},\"meta\":false,\"postlink\":\"https:\/\/photocello.com\/?attachment_id=13873\"},{\"id\":13874,\"title\":\"williamclub-allegro-fortissimo-paris-1990-c2a9-william-klein\",\"url\":\"http:\/\/photocello.com\/wp-content\/uploads\/2022\/12\/williamclub-allegro-fortissimo-paris-1990-c2a9-william-klein.jpeg\",\"link\":\"https:\/\/photocello.com\/?attachment_id=13874\",\"alt\":\"\",\"description\":\"\",\"caption\":\"\",\"mime\":\"image\/jpeg\",\"type\":\"image\",\"width\":1024,\"height\":684,\"sizes\":{\"thumbnail\":{\"height\":150,\"width\":150,\"url\":\"http:\/\/photocello.com\/wp-content\/uploads\/2022\/12\/williamclub-allegro-fortissimo-paris-1990-c2a9-william-klein-150x150.jpeg\",\"orientation\":\"landscape\"},\"medium\":{\"height\":200,\"width\":300,\"url\":\"http:\/\/photocello.com\/wp-content\/uploads\/2022\/12\/williamclub-allegro-fortissimo-paris-1990-c2a9-william-klein-300x200.jpeg\",\"orientation\":\"landscape\"},\"full\":{\"url\":\"http:\/\/photocello.com\/wp-content\/uploads\/2022\/12\/williamclub-allegro-fortissimo-paris-1990-c2a9-william-klein.jpeg\",\"height\":684,\"width\":1024,\"orientation\":\"landscape\"}},\"meta\":false,\"postlink\":\"https:\/\/photocello.com\/?attachment_id=13874\"},{\"id\":13875,\"title\":\"williamfashion_anne-st-marie-photo-by-william-klein-new-york-city-1962b\",\"url\":\"http:\/\/photocello.com\/wp-content\/uploads\/2022\/12\/williamfashion_anne-st-marie-photo-by-william-klein-new-york-city-1962b.jpeg\",\"link\":\"https:\/\/photocello.com\/?attachment_id=13875\",\"alt\":\"\",\"description\":\"\",\"caption\":\"\",\"mime\":\"image\/jpeg\",\"type\":\"image\",\"width\":656,\"height\":942,\"sizes\":{\"thumbnail\":{\"height\":150,\"width\":150,\"url\":\"http:\/\/photocello.com\/wp-content\/uploads\/2022\/12\/williamfashion_anne-st-marie-photo-by-william-klein-new-york-city-1962b-150x150.jpeg\",\"orientation\":\"landscape\"},\"medium\":{\"height\":300,\"width\":209,\"url\":\"http:\/\/photocello.com\/wp-content\/uploads\/2022\/12\/williamfashion_anne-st-marie-photo-by-william-klein-new-york-city-1962b-209x300.jpeg\",\"orientation\":\"portrait\"},\"full\":{\"url\":\"http:\/\/photocello.com\/wp-content\/uploads\/2022\/12\/williamfashion_anne-st-marie-photo-by-william-klein-new-york-city-1962b.jpeg\",\"height\":942,\"width\":656,\"orientation\":\"portrait\"}},\"meta\":false,\"postlink\":\"https:\/\/photocello.com\/?attachment_id=13875\"},{\"id\":13876,\"title\":\"williamnew-york-1954\",\"url\":\"http:\/\/photocello.com\/wp-content\/uploads\/2022\/12\/williamnew-york-1954.jpeg\",\"link\":\"https:\/\/photocello.com\/?attachment_id=13876\",\"alt\":\"\",\"description\":\"\",\"caption\":\"\",\"mime\":\"image\/jpeg\",\"type\":\"image\",\"width\":450,\"height\":603,\"sizes\":{\"thumbnail\":{\"height\":150,\"width\":150,\"url\":\"http:\/\/photocello.com\/wp-content\/uploads\/2022\/12\/williamnew-york-1954-150x150.jpeg\",\"orientation\":\"landscape\"},\"medium\":{\"height\":300,\"width\":224,\"url\":\"http:\/\/photocello.com\/wp-content\/uploads\/2022\/12\/williamnew-york-1954-224x300.jpeg\",\"orientation\":\"portrait\"},\"full\":{\"url\":\"http:\/\/photocello.com\/wp-content\/uploads\/2022\/12\/williamnew-york-1954.jpeg\",\"height\":603,\"width\":450,\"orientation\":\"portrait\"}},\"meta\":false,\"postlink\":\"https:\/\/photocello.com\/?attachment_id=13876\"}],\"itemsMetaDataCollection\":[]}<\/script><script>(function(){if(window.PGC_SGB && window.PGC_SGB.searcher){window.PGC_SGB.searcher.initBlocks()}})()<\/script><\/div>","protected":false},"excerpt":{"rendered":"<p>Trascendesor del arte William Klein Nueva York 1928 Pintor, escultor y fotografo, fue Liberman de la revista Vogue que le convencio para que dejara Paris y fueraq a Nueva York a hacer fotos de moda para la revista. Lo que entrego fuer un desastre (todos sin foco), asi que le dieron un ultimatum. Vino con [&hellip;]<\/p>\n","protected":false},"author":1,"featured_media":0,"parent":0,"menu_order":0,"comment_status":"closed","ping_status":"closed","template":"","meta":{"_uag_custom_page_level_css":"","_monsterinsights_skip_tracking":false,"_monsterinsights_sitenote_active":false,"_monsterinsights_sitenote_note":"","_monsterinsights_sitenote_category":0,"_uf_show_specific_survey":0,"_uf_disable_surveys":false,"pgc_sgb_lightbox_settings":"","footnotes":""},"categories":[27],"tags":[],"class_list":["post-13862","page","type-page","status-publish","hentry","category-fotografos"],"uagb_featured_image_src":{"full":false,"thumbnail":false,"medium":false,"medium_large":false,"large":false,"1536x1536":false,"2048x2048":false,"ect-jetpack-portfolio-featured":false,"ect-featured-content":false,"ect-service":false,"jetpack-portfolio-admin-thumb":false,"featured-content-admin-thumb":false,"service-admin-thumb":false},"uagb_author_info":{"display_name":"henrribas@gmail.com","author_link":"https:\/\/photocello.com\/?author=1"},"uagb_comment_info":0,"uagb_excerpt":"Trascendesor del arte William Klein Nueva York 1928 Pintor, escultor y fotografo, fue Liberman de la revista Vogue que le convencio para que dejara Paris y fueraq a Nueva York a hacer fotos de moda para la revista. Lo que entrego fuer un desastre (todos sin foco), asi que le dieron un ultimatum. Vino con&hellip;","_links":{"self":[{"href":"https:\/\/photocello.com\/index.php?rest_route=\/wp\/v2\/pages\/13862"}],"collection":[{"href":"https:\/\/photocello.com\/index.php?rest_route=\/wp\/v2\/pages"}],"about":[{"href":"https:\/\/photocello.com\/index.php?rest_route=\/wp\/v2\/types\/page"}],"author":[{"embeddable":true,"href":"https:\/\/photocello.com\/index.php?rest_route=\/wp\/v2\/users\/1"}],"replies":[{"embeddable":true,"href":"https:\/\/photocello.com\/index.php?rest_route=%2Fwp%2Fv2%2Fcomments&post=13862"}],"version-history":[{"count":2,"href":"https:\/\/photocello.com\/index.php?rest_route=\/wp\/v2\/pages\/13862\/revisions"}],"predecessor-version":[{"id":13877,"href":"https:\/\/photocello.com\/index.php?rest_route=\/wp\/v2\/pages\/13862\/revisions\/13877"}],"wp:attachment":[{"href":"https:\/\/photocello.com\/index.php?rest_route=%2Fwp%2Fv2%2Fmedia&parent=13862"}],"wp:term":[{"taxonomy":"category","embeddable":true,"href":"https:\/\/photocello.com\/index.php?rest_route=%2Fwp%2Fv2%2Fcategories&post=13862"},{"taxonomy":"post_tag","embeddable":true,"href":"https:\/\/photocello.com\/index.php?rest_route=%2Fwp%2Fv2%2Ftags&post=13862"}],"curies":[{"name":"wp","href":"https:\/\/api.w.org\/{rel}","templated":true}]}}