{"id":13959,"date":"2023-02-02T21:41:37","date_gmt":"2023-02-02T21:41:37","guid":{"rendered":"https:\/\/photocello.com\/?page_id=13959"},"modified":"2024-09-09T14:05:38","modified_gmt":"2024-09-09T14:05:38","slug":"diane-arbus","status":"publish","type":"page","link":"https:\/\/photocello.com\/?page_id=13959","title":{"rendered":"Diane Arbus"},"content":{"rendered":"\n<div class=\"wp-block-media-text alignwide is-stacked-on-mobile\"><figure class=\"wp-block-media-text__media\"><img loading=\"lazy\" decoding=\"async\" width=\"683\" height=\"1024\" src=\"https:\/\/photocello.com\/wp-content\/uploads\/2023\/02\/arbus5-683x1024.jpeg\" alt=\"\" class=\"wp-image-13963 size-full\" srcset=\"https:\/\/photocello.com\/wp-content\/uploads\/2023\/02\/arbus5-683x1024.jpeg 683w, https:\/\/photocello.com\/wp-content\/uploads\/2023\/02\/arbus5-200x300.jpeg 200w, https:\/\/photocello.com\/wp-content\/uploads\/2023\/02\/arbus5-768x1152.jpeg 768w, https:\/\/photocello.com\/wp-content\/uploads\/2023\/02\/arbus5-1024x1536.jpeg 1024w, https:\/\/photocello.com\/wp-content\/uploads\/2023\/02\/arbus5-1365x2048.jpeg 1365w, https:\/\/photocello.com\/wp-content\/uploads\/2023\/02\/arbus5.jpeg 1524w\" sizes=\"(max-width: 683px) 100vw, 683px\" \/><\/figure><div class=\"wp-block-media-text__content\">\n<h5 class=\"wp-block-heading\">Pendiente<\/h5>\n\n\n\n<h3 class=\"wp-block-heading\">Diane Arbus<\/h3>\n\n\n\n<p>Nacida en 1923 en una familia adinerada y vinculada  a la moda, se caso para huir de su padre y renunciar a sus apellidos y adoptar el de su marido Allan Arbus.<\/p>\n\n\n\n<p>Los dos se dedicaron a la fotografia de moda pero la separacion entre ellos promovio la nueva fotografa.<\/p>\n\n\n\n<p>Tras estudiar fotografia con Lisette Model se dedico a retratar a personas extra\u00f1as por la calle, freaks. estaba fascinada por los gemelos, las parejas extra\u00f1as, los ciegos, los albinos, los aquejados por el s\u00edndrome de Down<\/p>\n\n\n\n<p><\/p>\n\n\n\n<p>Tras estudiar fotografia con Lisette Model se dedico a retratar a personas extra\u00f1as por la calle, freaks. estaba fascinada por los gemelos, las parejas extra\u00f1as, los s albinos, los aquejados por el s\u00edndrome de Down<\/p>\n\n\n\n<p>Las fotograf\u00edas de Arbus sobre estos personajes son sutiles y sugerentes y no tan expl\u00edcitas.&nbsp;<\/p>\n\n\n\n<p>Fue criticada por su obra en co ntra de la moda y belleza y una de ellas fue Susan SOntag donde le dedica un capitulo entero en su famoso libro.<\/p>\n\n\n\n<p>Se suicido a los 48 a\u00f1os , se dice que su arte es un s\u00edntoma de su propia patolog\u00eda de dislocaci\u00f3n sicol\u00f3gica y aislamiento social.<\/p>\n\n\n\n<p>Las im\u00e1genes de Arbus son profundas, con un complejo trasfondo social y un desaf\u00edo intelectual.<\/p>\n<\/div><\/div>\n\n\n<div class=\"pgc-sgb-cb wp-block-pgcsimplygalleryblock-masonry \" data-gallery-id=\"f2556051\"><div class=\"sgb-preloader\" id=\"pr_f2556051\">\n\t<div class=\"sgb-square\" style=\"background:#d4d4d4\"><\/div>\n\t<div class=\"sgb-square\" style=\"background:#d4d4d4\"><\/div>\n\t<div class=\"sgb-square\" style=\"background:#d4d4d4\"><\/div>\n\t<div class=\"sgb-square\" style=\"background:#d4d4d4\"><\/div><\/div><div class=\"simply-gallery-amp pgc_sgb_slider \" style=\"display: none;\"><div class=\"sgb-gallery\"><div class=\"sgb-item\"><a href=\"https:\/\/photocello.com\/?attachment_id=13964\" target=\"_blank\"><img decoding=\"async\" alt=\"\" width=\"266\" height=\"300\" loading=\"lazy\" src=\"http:\/\/photocello.com\/wp-content\/uploads\/2023\/02\/arbus-266x300.jpeg\" srcset=\"http:\/\/photocello.com\/wp-content\/uploads\/2023\/02\/arbus-266x300.jpeg 266w,http:\/\/photocello.com\/wp-content\/uploads\/2023\/02\/arbus-907x1024.jpeg 907w,http:\/\/photocello.com\/wp-content\/uploads\/2023\/02\/arbus.jpeg 1275w\" sizes=\"250px\"\/><\/a><\/div><div class=\"sgb-item\"><a href=\"https:\/\/photocello.com\/?attachment_id=13965\" target=\"_blank\"><img decoding=\"async\" alt=\"\" width=\"295\" height=\"300\" loading=\"lazy\" src=\"http:\/\/photocello.com\/wp-content\/uploads\/2023\/02\/arbus2-295x300.jpeg\" srcset=\"http:\/\/photocello.com\/wp-content\/uploads\/2023\/02\/arbus2-295x300.jpeg 295w,http:\/\/photocello.com\/wp-content\/uploads\/2023\/02\/arbus2.jpeg 1008w\" sizes=\"250px\"\/><\/a><\/div><div class=\"sgb-item\"><a href=\"https:\/\/photocello.com\/?attachment_id=13966\" target=\"_blank\"><img decoding=\"async\" alt=\"\" width=\"289\" height=\"300\" loading=\"lazy\" src=\"http:\/\/photocello.com\/wp-content\/uploads\/2023\/02\/arbus3-289x300.jpeg\" srcset=\"http:\/\/photocello.com\/wp-content\/uploads\/2023\/02\/arbus3-289x300.jpeg 289w,http:\/\/photocello.com\/wp-content\/uploads\/2023\/02\/arbus3.jpeg 986w\" sizes=\"250px\"\/><\/a><\/div><div class=\"sgb-item\"><a href=\"https:\/\/photocello.com\/?attachment_id=13967\" target=\"_blank\"><img decoding=\"async\" alt=\"\" width=\"300\" height=\"300\" loading=\"lazy\" src=\"http:\/\/photocello.com\/wp-content\/uploads\/2023\/02\/arbus6-300x300.jpeg\" srcset=\"http:\/\/photocello.com\/wp-content\/uploads\/2023\/02\/arbus6-300x300.jpeg 300w,http:\/\/photocello.com\/wp-content\/uploads\/2023\/02\/arbus6-1020x1024.jpeg 1020w,http:\/\/photocello.com\/wp-content\/uploads\/2023\/02\/arbus6.jpeg 1200w\" sizes=\"250px\"\/><\/a><\/div><div class=\"sgb-item\"><a href=\"https:\/\/photocello.com\/?attachment_id=13968\" target=\"_blank\"><img decoding=\"async\" alt=\"\" width=\"298\" height=\"300\" loading=\"lazy\" src=\"http:\/\/photocello.com\/wp-content\/uploads\/2023\/02\/arbus7-298x300.webp\" srcset=\"http:\/\/photocello.com\/wp-content\/uploads\/2023\/02\/arbus7-298x300.webp 298w,http:\/\/photocello.com\/wp-content\/uploads\/2023\/02\/arbus7-1016x1024.webp 1016w,http:\/\/photocello.com\/wp-content\/uploads\/2023\/02\/arbus7.webp 1056w\" sizes=\"250px\"\/><\/a><\/div><div class=\"sgb-item\"><a href=\"https:\/\/photocello.com\/?attachment_id=13969\" target=\"_blank\"><img decoding=\"async\" alt=\"\" width=\"298\" height=\"300\" loading=\"lazy\" src=\"http:\/\/photocello.com\/wp-content\/uploads\/2023\/02\/arbus8-298x300.webp\" srcset=\"http:\/\/photocello.com\/wp-content\/uploads\/2023\/02\/arbus8-298x300.webp 298w,http:\/\/photocello.com\/wp-content\/uploads\/2023\/02\/arbus8-1019x1024.webp 1019w,http:\/\/photocello.com\/wp-content\/uploads\/2023\/02\/arbus8.webp 1168w\" sizes=\"250px\"\/><\/a><\/div><\/div><\/div><script type=\"application\/json\" class=\"sgb-data\">{\"galleryType\":\"pgc_sgb_masonry\",\"galleryId\":\"f2556051\",\"images\":[{\"id\":13964,\"title\":\"arbus\",\"url\":\"http:\/\/photocello.com\/wp-content\/uploads\/2023\/02\/arbus.jpeg\",\"link\":\"https:\/\/photocello.com\/?attachment_id=13964\",\"alt\":\"\",\"description\":\"\",\"caption\":\"\",\"mime\":\"image\/jpeg\",\"type\":\"image\",\"width\":1275,\"height\":1440,\"sizes\":{\"thumbnail\":{\"height\":150,\"width\":150,\"url\":\"http:\/\/photocello.com\/wp-content\/uploads\/2023\/02\/arbus-150x150.jpeg\",\"orientation\":\"landscape\"},\"medium\":{\"height\":300,\"width\":266,\"url\":\"http:\/\/photocello.com\/wp-content\/uploads\/2023\/02\/arbus-266x300.jpeg\",\"orientation\":\"portrait\"},\"large\":{\"height\":1024,\"width\":907,\"url\":\"http:\/\/photocello.com\/wp-content\/uploads\/2023\/02\/arbus-907x1024.jpeg\",\"orientation\":\"portrait\"},\"full\":{\"url\":\"http:\/\/photocello.com\/wp-content\/uploads\/2023\/02\/arbus.jpeg\",\"height\":1440,\"width\":1275,\"orientation\":\"portrait\"}},\"meta\":false,\"postlink\":\"https:\/\/photocello.com\/?attachment_id=13964\"},{\"id\":13965,\"title\":\"arbus2\",\"url\":\"http:\/\/photocello.com\/wp-content\/uploads\/2023\/02\/arbus2.jpeg\",\"link\":\"https:\/\/photocello.com\/?attachment_id=13965\",\"alt\":\"\",\"description\":\"\",\"caption\":\"\",\"mime\":\"image\/jpeg\",\"type\":\"image\",\"width\":1008,\"height\":1024,\"sizes\":{\"thumbnail\":{\"height\":150,\"width\":150,\"url\":\"http:\/\/photocello.com\/wp-content\/uploads\/2023\/02\/arbus2-150x150.jpeg\",\"orientation\":\"landscape\"},\"medium\":{\"height\":300,\"width\":295,\"url\":\"http:\/\/photocello.com\/wp-content\/uploads\/2023\/02\/arbus2-295x300.jpeg\",\"orientation\":\"portrait\"},\"full\":{\"url\":\"http:\/\/photocello.com\/wp-content\/uploads\/2023\/02\/arbus2.jpeg\",\"height\":1024,\"width\":1008,\"orientation\":\"portrait\"}},\"meta\":false,\"postlink\":\"https:\/\/photocello.com\/?attachment_id=13965\"},{\"id\":13966,\"title\":\"arbus3\",\"url\":\"http:\/\/photocello.com\/wp-content\/uploads\/2023\/02\/arbus3.jpeg\",\"link\":\"https:\/\/photocello.com\/?attachment_id=13966\",\"alt\":\"\",\"description\":\"\",\"caption\":\"\",\"mime\":\"image\/jpeg\",\"type\":\"image\",\"width\":986,\"height\":1024,\"sizes\":{\"thumbnail\":{\"height\":150,\"width\":150,\"url\":\"http:\/\/photocello.com\/wp-content\/uploads\/2023\/02\/arbus3-150x150.jpeg\",\"orientation\":\"landscape\"},\"medium\":{\"height\":300,\"width\":289,\"url\":\"http:\/\/photocello.com\/wp-content\/uploads\/2023\/02\/arbus3-289x300.jpeg\",\"orientation\":\"portrait\"},\"full\":{\"url\":\"http:\/\/photocello.com\/wp-content\/uploads\/2023\/02\/arbus3.jpeg\",\"height\":1024,\"width\":986,\"orientation\":\"portrait\"}},\"meta\":false,\"postlink\":\"https:\/\/photocello.com\/?attachment_id=13966\"},{\"id\":13967,\"title\":\"arbus6\",\"url\":\"http:\/\/photocello.com\/wp-content\/uploads\/2023\/02\/arbus6.jpeg\",\"link\":\"https:\/\/photocello.com\/?attachment_id=13967\",\"alt\":\"\",\"description\":\"\",\"caption\":\"\",\"mime\":\"image\/jpeg\",\"type\":\"image\",\"width\":1200,\"height\":1205,\"sizes\":{\"thumbnail\":{\"height\":150,\"width\":150,\"url\":\"http:\/\/photocello.com\/wp-content\/uploads\/2023\/02\/arbus6-150x150.jpeg\",\"orientation\":\"landscape\"},\"medium\":{\"height\":300,\"width\":300,\"url\":\"http:\/\/photocello.com\/wp-content\/uploads\/2023\/02\/arbus6-300x300.jpeg\",\"orientation\":\"landscape\"},\"large\":{\"height\":1024,\"width\":1020,\"url\":\"http:\/\/photocello.com\/wp-content\/uploads\/2023\/02\/arbus6-1020x1024.jpeg\",\"orientation\":\"portrait\"},\"full\":{\"url\":\"http:\/\/photocello.com\/wp-content\/uploads\/2023\/02\/arbus6.jpeg\",\"height\":1205,\"width\":1200,\"orientation\":\"portrait\"}},\"meta\":false,\"postlink\":\"https:\/\/photocello.com\/?attachment_id=13967\"},{\"id\":13968,\"title\":\"arbus7\",\"url\":\"http:\/\/photocello.com\/wp-content\/uploads\/2023\/02\/arbus7.webp\",\"link\":\"https:\/\/photocello.com\/?attachment_id=13968\",\"alt\":\"\",\"description\":\"\",\"caption\":\"\",\"mime\":\"image\/webp\",\"type\":\"image\",\"width\":1056,\"height\":1064,\"sizes\":{\"thumbnail\":{\"height\":150,\"width\":150,\"url\":\"http:\/\/photocello.com\/wp-content\/uploads\/2023\/02\/arbus7-150x150.webp\",\"orientation\":\"landscape\"},\"medium\":{\"height\":300,\"width\":298,\"url\":\"http:\/\/photocello.com\/wp-content\/uploads\/2023\/02\/arbus7-298x300.webp\",\"orientation\":\"portrait\"},\"large\":{\"height\":1024,\"width\":1016,\"url\":\"http:\/\/photocello.com\/wp-content\/uploads\/2023\/02\/arbus7-1016x1024.webp\",\"orientation\":\"portrait\"},\"full\":{\"url\":\"http:\/\/photocello.com\/wp-content\/uploads\/2023\/02\/arbus7.webp\",\"height\":1064,\"width\":1056,\"orientation\":\"portrait\"}},\"meta\":false,\"postlink\":\"https:\/\/photocello.com\/?attachment_id=13968\"},{\"id\":13969,\"title\":\"arbus8\",\"url\":\"http:\/\/photocello.com\/wp-content\/uploads\/2023\/02\/arbus8.webp\",\"link\":\"https:\/\/photocello.com\/?attachment_id=13969\",\"alt\":\"\",\"description\":\"\",\"caption\":\"\",\"mime\":\"image\/webp\",\"type\":\"image\",\"width\":1168,\"height\":1174,\"sizes\":{\"thumbnail\":{\"height\":150,\"width\":150,\"url\":\"http:\/\/photocello.com\/wp-content\/uploads\/2023\/02\/arbus8-150x150.webp\",\"orientation\":\"landscape\"},\"medium\":{\"height\":300,\"width\":298,\"url\":\"http:\/\/photocello.com\/wp-content\/uploads\/2023\/02\/arbus8-298x300.webp\",\"orientation\":\"portrait\"},\"large\":{\"height\":1024,\"width\":1019,\"url\":\"http:\/\/photocello.com\/wp-content\/uploads\/2023\/02\/arbus8-1019x1024.webp\",\"orientation\":\"portrait\"},\"full\":{\"url\":\"http:\/\/photocello.com\/wp-content\/uploads\/2023\/02\/arbus8.webp\",\"height\":1174,\"width\":1168,\"orientation\":\"portrait\"}},\"meta\":false,\"postlink\":\"https:\/\/photocello.com\/?attachment_id=13969\"}],\"itemsMetaDataCollection\":[]}<\/script><script>(function(){if(window.PGC_SGB && window.PGC_SGB.searcher){window.PGC_SGB.searcher.initBlocks()}})()<\/script><\/div>","protected":false},"excerpt":{"rendered":"<p>Pendiente Diane Arbus Nacida en 1923 en una familia adinerada y vinculada a la moda, se caso para huir de su padre y renunciar a sus apellidos y adoptar el de su marido Allan Arbus. Los dos se dedicaron a la fotografia de moda pero la separacion entre ellos promovio la nueva fotografa. Tras estudiar [&hellip;]<\/p>\n","protected":false},"author":1,"featured_media":0,"parent":0,"menu_order":0,"comment_status":"closed","ping_status":"closed","template":"","meta":{"_uag_custom_page_level_css":"","_monsterinsights_skip_tracking":false,"_monsterinsights_sitenote_active":false,"_monsterinsights_sitenote_note":"","_monsterinsights_sitenote_category":0,"_uf_show_specific_survey":0,"_uf_disable_surveys":false,"pgc_sgb_lightbox_settings":"","footnotes":""},"categories":[27],"tags":[],"class_list":["post-13959","page","type-page","status-publish","hentry","category-fotografos"],"uagb_featured_image_src":{"full":false,"thumbnail":false,"medium":false,"medium_large":false,"large":false,"1536x1536":false,"2048x2048":false,"ect-jetpack-portfolio-featured":false,"ect-featured-content":false,"ect-service":false,"jetpack-portfolio-admin-thumb":false,"featured-content-admin-thumb":false,"service-admin-thumb":false},"uagb_author_info":{"display_name":"henrribas@gmail.com","author_link":"https:\/\/photocello.com\/?author=1"},"uagb_comment_info":0,"uagb_excerpt":"Pendiente Diane Arbus Nacida en 1923 en una familia adinerada y vinculada a la moda, se caso para huir de su padre y renunciar a sus apellidos y adoptar el de su marido Allan Arbus. Los dos se dedicaron a la fotografia de moda pero la separacion entre ellos promovio la nueva fotografa. Tras estudiar&hellip;","_links":{"self":[{"href":"https:\/\/photocello.com\/index.php?rest_route=\/wp\/v2\/pages\/13959"}],"collection":[{"href":"https:\/\/photocello.com\/index.php?rest_route=\/wp\/v2\/pages"}],"about":[{"href":"https:\/\/photocello.com\/index.php?rest_route=\/wp\/v2\/types\/page"}],"author":[{"embeddable":true,"href":"https:\/\/photocello.com\/index.php?rest_route=\/wp\/v2\/users\/1"}],"replies":[{"embeddable":true,"href":"https:\/\/photocello.com\/index.php?rest_route=%2Fwp%2Fv2%2Fcomments&post=13959"}],"version-history":[{"count":2,"href":"https:\/\/photocello.com\/index.php?rest_route=\/wp\/v2\/pages\/13959\/revisions"}],"predecessor-version":[{"id":13970,"href":"https:\/\/photocello.com\/index.php?rest_route=\/wp\/v2\/pages\/13959\/revisions\/13970"}],"wp:attachment":[{"href":"https:\/\/photocello.com\/index.php?rest_route=%2Fwp%2Fv2%2Fmedia&parent=13959"}],"wp:term":[{"taxonomy":"category","embeddable":true,"href":"https:\/\/photocello.com\/index.php?rest_route=%2Fwp%2Fv2%2Fcategories&post=13959"},{"taxonomy":"post_tag","embeddable":true,"href":"https:\/\/photocello.com\/index.php?rest_route=%2Fwp%2Fv2%2Ftags&post=13959"}],"curies":[{"name":"wp","href":"https:\/\/api.w.org\/{rel}","templated":true}]}}